- 24*q + 55*q**2 + 8*q**3 - 16*q**2. Give l(-13).
-31
Let p(m) be the second derivative of m**4/12 + 8*m**3/3 - 16*m**2 - 33*m. Let s be p(-18). Suppose -63*c + 65*c - s = 0. Let g(v) = 8*v + 2. What is g(c)?
18
Let s(o) = o**3 - 10*o**2 + 8. Let r = 14526 - 14516. Give s(r).
8
Let w be (2/2)/(15/(-90)). Let q be 551/57 + 4/w. Let p(b) = b**2 - 12*b + 21. What is p(q)?
-6
Suppose 29*s = 34*s - 240. Let c(p) = 49 - 2*p - s - 39. Give c(-16).
-6
Let b(z) = -7*z**2 + 41*z - 116. Let j(a) = 4*a**2 - 20*a + 61. Let u(v) = 3*b(v) + 5*j(v). Calculate u(21).
-1
Let w(t) = -4*t + 0 + 5*t + 1. Let h(n) = -n**2 + 16*n - 2. Let p be h(15). Suppose -6*m = p*m + 38. What is w(m)?
-1
Let c be (-1 - (-4 - (-1 + -5))) + 6. Suppose -5 = -2*u - c*j - 2, -3*u + 6 = 3*j. Let z(t) = t**2 - t - u*t + 3*t - 3 - 5*t. Give z(5).
-8
Let r = 263 + -225. Let m(b) = -85*b - r + 35 + 92*b. Determine m(3).
18
Let v = 312 + -308. Let q(x) = v*x - 7*x + x + 7*x - x**2 + x. Suppose -27 + 2 = -5*t. Determine q(t).
5
Suppose -5*w = 20, -4 = -4*q + 2*w - 4*w. Let y(o) = -9*o**2 - 4*o**2 - 2*o**3 - 10*o - 9*o**2 + o**q + 11*o**2 + 2. Determine y(-10).
2
Let r(g) = 4*g**3 + g**2 - 59*g + 57. Let s be r(1). Let q(y) = -3*y**2 - 8*y + 5. Give q(s).
-46
Let m = -1528 + 1525. Let p(g) = 2*g + 8. Give p(m).
2
Let g(p) = -55*p + 23. Let q(x) = -20*x + 8. Let k(s) = 6*g(s) - 17*q(s). Calculate k(-1).
-8
Let l(s) be the third derivative of -s**4/24 + 13*s**3/6 + 8*s**2. Let c be l(8). Suppose c*m = 3*m - 12. Let a(f) = f**3 + 7*f**2 + 5*f - 7. Calculate a(m).
-1
Suppose 0 = -4*i - 5*u + 41, 2*u = 5*i - 10 - 0. Suppose i*o = -3*d + 36, 4*d - 8*o + 7*o = 29. Let j(x) = -3*x + 20. Calculate j(d).
-4
Suppose 117*b + 82 = 153*b + 10. Let j(m) = 2*m**3 + m**2 - 11*m + 7. What is j(b)?
5
Suppose -42*x + 124 = -38*x. Suppose 0 = -4*p + x - 19. Let h(y) = -5*y + p*y + 2*y - 6 - 3*y. Calculate h(-4).
6
Let j be 3 - 3/(-6)*4. Suppose j*l - y + 15 = 0, 5*y + 34 = -5*l - 11. Let m(i) = -2*i**2 + 1. What is m(l)?
-31
Let g(c) be the first derivative of c**3/3 - 9*c**2/2 - 5*c + 73834. Suppose 18 = -0*b + 2*b. Give g(b).
-5
Let i(w) be the first derivative of -27*w - 1/3*w**3 - 13/2*w**2 - 15. Determine i(-11).
-5
Suppose -c + 20 = 7. Let r = c - 8. Let i(b) be the second derivative of -b**5/20 + b**4/2 - 5*b**3/6 + 3*b**2 - 100*b. What is i(r)?
6
Suppose 3 = 2*u - 1. Let w(k) be the second derivative of k**4/12 - k**3/2 + 3*k**2/2 - 2*k - 303. Give w(u).
1
Let n be ((-104)/56 - -2)/((-8)/(-56)). Let f(r) = -104*r - 4. Calculate f(n).
-108
Suppose 0 = -g + 5*s - 15, -5*g + 60 = 4*s + 19. Suppose g = -3*o + 17. Let b(y) = -y**2 + 3*y - 4. Calculate b(o).
-8
Let z be -5*(-2 - -3)*-1. Let s(y) be the first derivative of -2*y**2 + z - 1/3*y**3 + 7*y. What is s(-5)?
2
Let i(n) be the second derivative of n**5/20 - 7*n**3/3 + 11*n**2/2 + 56*n - 74. Give i(-4).
3
Let m(v) be the third derivative of -3/8*v**4 + 0*v**3 + 0*v + 9*v**2 - 1/120*v**6 + 1/6*v**5 + 0. Calculate m(9).
0
Suppose 2*u = 2*a + 2, -4*u + 1 = -4*a + 3*a. Let s(c) be the second derivative of -c**4/6 - c**3/6 + 5*c**2/2 - 41352*c. Calculate s(u).
5
Let l(d) = 57*d + 286. Let x be l(-5). Let j(t) = 23*t**3 + t - 1. Give j(x).
23
Let k be ((-10788)/27)/2 + 20/(-90). Let j = 202 + k. Let i(d) = -d**3 + 4*d - 3. Calculate i(j).
-3
Suppose 3*i - 2*d = 24, -5*i - 21 = -5*d - 61. Let k(p) = -p**3 + 6*p**2 + 11*p + 12. Give k(i).
-28
Let j(m) = -179*m - 2698. Let z be j(-15). Let h(p) = p**2 + 15*p + 22. Give h(z).
-4
Suppose 39*c = 46*c. Let x(u) = c*u - 41 - 8*u + 46 - u - u**2. Calculate x(-10).
-5
Suppose -4*o - 3*v = 6, 4*o - 3*v + 18 = -0. Let j(q) be the first derivative of -3*q + 3/2*q**2 + 2 + 1/3*q**3. Calculate j(o).
-3
Let i(g) = -g**3 - g**2 - 4. Suppose -5*m - 50 = 20*m. Let o be 0/((-3)/2*m). What is i(o)?
-4
Let w(s) = s**3 - 7*s**2 - 32*s + 28. Let c(g) = 2*g**2 - 59*g + 435. Let p be c(17). Calculate w(p).
8
Suppose 10*w + 408 = 18*w. Let b be w/34 - 30/4. Let f(i) = -i**3 - 5*i**2 + 4*i + 9. What is f(b)?
21
Let m(x) = -28*x - 1. Suppose -490*t - 3*j + 25 = -494*t, -19 = -2*t - 3*j. What is m(t)?
27
Let v be ((-4)/(-18))/(6 + (-321)/54). Let b(g) = -g + 12. Calculate b(v).
8
Let p(j) = 4*j**2 - 24*j. Let d be ((-4)/20)/((4 - -3)/(-210)). What is p(d)?
0
Let i(a) = -366*a + 1092. Let x be i(3). Let t(f) = -f**2 - 12*f - 51. Calculate t(x).
-15
Let d(z) = z + 1. Let l(q) = 1. Let c(p) = -d(p) + 4*l(p). Suppose -7*n + 27 = -1. Suppose n*m - r + 33 = 8*m, m - r - 12 = 0. Calculate c(m).
-6
Let c be 1 + (3 + -2)*9. Suppose -c*r = -14*r + 12. Let i(m) = -6 + 4*m**3 - m**2 + r + 2 - 3*m**3. Give i(0).
-1
Let j(x) = x**3 - 26*x**2 - 61*x - 727. Let k be j(29). Let d(s) = -s**3 + 27*s**2 + 3*s - 68. Calculate d(k).
13
Let n(u) = -150*u - 161*u - 2*u**2 - 170*u - 145*u + 82 + 577*u. Calculate n(-26).
4
Let c be (-20)/(-5) - (2 - 0). Suppose -3*h + c*o = -1, 5*o = 3*h + 13 - 2. Suppose 0 = -v - 2 - h. Let q(n) = -n**3 - 6*n**2 - 3*n + 5. Determine q(v).
-5
Let s(p) = 12*p**3 - 2*p**2 + 2*p - 1. Let l be s(1). Let b(g) be the third derivative of g**5/60 - g**4/2 + 5*g**3/6 + 1639*g**2. Give b(l).
-6
Let k(l) be the third derivative of l**6/120 + l**5/4 + 5*l**4/8 - 13*l**3/6 + 3220*l**2. What is k(-14)?
-27
Let g = 8 + 25. Let h = g + -26. Let c(t) = h + 0*t + 4 - 8 - t. Calculate c(-4).
7
Suppose -21 = -190*n + 191*n + 5*q, -5*n = 4*q + 42. Let s(t) = 3*t**2 + 18*t + 7. Give s(n).
7
Let z = -7628 - -7622. Let j(i) = i**3 + 5*i**2 + 9*i + 50. Give j(z).
-40
Let g(q) = -46*q + 24. Suppose 5 = 12*t + 41. Let i(u) = 9*u - 5. Let j(k) = t*g(k) - 14*i(k). What is j(1)?
10
Let b(v) be the second derivative of 3*v**3 + 99*v**2/2 - 231*v - 1. Give b(-6).
-9
Let u(z) = -z - 7*z - 39017 + 38972. Determine u(-8).
19
Let w(o) = o**3 - 15*o**2 - 96*o + 15. Let g be w(-5). Let z(r) = r**3 + 2*r**2 + 5*r - 5. What is z(g)?
-105
Let p(g) = -9*g**3 - 18*g**2 - 11*g - 5. Let t(y) = -4*y - 69. Let o be t(-18). Let q(l) = 4*l**3 + 9*l**2 + 6*l + 3. Let a(n) = o*p(n) + 7*q(n). Give a(-8).
-2
Let m(v) = -17*v + 188. Let n be m(11). Let x(f) = -f + 1. Let c(h) = 2*h - 16. Let r(k) = n*c(k) + 3*x(k). Calculate r(-6).
-7
Let g(b) be the first derivative of -b**4/4 + 10*b + 10. Let h = 1069 - 1069. Determine g(h).
10
Let m = 31512 - 18331. Let j(t) = m*t**2 - 1 - t**3 - 13181*t**2 + 2*t. Calculate j(1).
0
Let y(r) be the second derivative of 5*r**3 + 3*r**2/2 - 2980*r. What is y(-1)?
-27
Let g(i) = 2*i**3 - 4*i**2 + i + 2. Let b(r) = -r**3 + 4*r**2 - r - 2. Let p(z) = 3*b(z) + 2*g(z). Suppose 2*m - 3*t - 6 = -15, -5*m = 5*t + 10. Give p(m).
10
Suppose 0 = -5*f - 10 + 30. Suppose 0 = f*l - 5 + 21. Let q(d) = 3*d**2 + 2*d. Let m(w) = 10*w**2 + 7*w. Let c(n) = m(n) - 3*q(n). What is c(l)?
12
Let y(z) = 33*z - 75. Let g(w) = -8*w + 18. Let d(a) = -21*g(a) - 5*y(a). Let p be (2 + 2 + -5)*1. Give d(p).
-6
Let s = -12 + 4. Suppose -41*p + 30*p = -77. Let m(f) = 7*f**2 - p*f + 6*f**3 - 2*f - 3*f**3 - 2*f**3 - 4. What is m(s)?
4
Let a(u) = -u**2 - 12*u - 16. Let f be a(-9). Let b(g) = g**2 + 6*g + 9*g**2 - f*g**2 + 6*g. Determine b(5).
35
Let x = 687 + -685. Let r(l) be the first derivative of 6 + 3/2*l**2 - 1/3*l**3 - x*l. Give r(2).
0
Let l(v) = 8*v - 5. Let c(b) = 23*b - 14. Let h(a) = -6*c(a) + 17*l(a). Let q = -435 - -159. Let p = q + 277. Determine h(p).
-3
Suppose 4*v - 5*h = 2*v + 19, -5*v - 4*h = 2. Let k(j) = -8*j**2 + 6*j - 9*j + j**3 - 3 - 3*j + 7*j**v. What is k(3)?
-3
Let m(q) be the first derivative of 68 - 1/2*q**2 + 8*q. Calculate m(11).
-3
Suppose 4*g + 10*g = -23*g - 111. Let q(s) = 11*s - 9. Calculate q(g).
-42
Let a = -10906 - -10913. Let q(o) = 9*o**3 - 7*o**2 - 8*o + 21. Let d(l) = 4*l**3 - 4*l**2 - 4*l + 10. Let j(y) = -7*d(y) + 3*q(y). Determine j(a).
21
Let l(a) = 2*a + 9. Let r(q) = -6*q - 28. Let f(i) = -8*l(i) - 3*r(i). Give f(-14).
-16
Let n(b) = b**3 + 11*b**2 + 13*b + 4. Let d(z) = -z**3 - 12*z**2 - 16*z - 4. Suppose 0 = 89*q - 81*q + 40. Let x(o) = q*n(o) - 4*d(o). Give x(-7).
3
Let c(j) be the third derivative of j**5/120 + j**4 - 19*j**3/3 + j**2 + 8*j. Let s(u) be the first derivative of c(u). Calculate s(-10).
14
Let n(i) = i**3 + 4*i**2 - 2*i + 7. Let c = -25 - -29. Let o(d) = d**2 - 15*d. Let r be o(15). Suppose -27 = 5*v + 4*b - 2*b, -4